 Suppose -t*h = -33 - 75. Suppose -47 = 5*j - 137. What is the greatest common divisor of h and j?
18
Let w be -66549*(0 - -1)*(-15)/(-38 - -53). Calculate the greatest common factor of w and 21.
21
Let r = 11849 + -11848. What is the highest common factor of r and 3639?
1
Let q(a) = 14*a - 120. Let s be q(15). What is the greatest common divisor of 5985 and s?
45
Let w(s) = 137*s + 2897. Let c be w(-19). Calculate the highest common divisor of c and 8.
2
Let s = -26 - -11. Let z be -47 + (-42)/(-63)*3/(-2). Let l = s - z. Calculate the greatest common factor of 99 and l.
33
Let b be (5406/(-136))/((-1)/12). Suppose 252 - b = -5*x. Let i = 23 + -5. What is the greatest common divisor of i and x?
9
Let f(s) = -2*s + 80. Let j = -57 - -75. Let i be f(j). What is the highest common factor of i and 484?
44
Let f(c) be the first derivative of -21*c**2 - 10*c - 35. Let r be f(-4). Suppose 6*v = -14 + r. Calculate the highest common divisor of 36 and v.
12
Suppose -3445*q + 567*q + 115120 = 0. Let a be 439 - (-2 - (-2 + 1)). What is the greatest common factor of a and q?
40
Suppose 4424 = 5*i + 7*a + 1482, -a + 1778 = 3*i. What is the highest common factor of 126 and i?
18
Let d = 9 - 105. Let x = -407 + 404. Let c be (x/(-2))/((-36)/d). What is the highest common factor of 8 and c?
4
Let k = -8647 - -11287. Calculate the highest common factor of 22 and k.
22
Suppose -38*g + 67*g + 460*g = 21027. Suppose -665 = 5*f - 6040. What is the highest common divisor of f and g?
43
Let o(b) = b**2 + 48*b + 28. Let p be o(-81). Calculate the highest common divisor of 37 and p.
37
Let n(f) = 20*f - 567. Let h be n(49). Calculate the greatest common divisor of h and 17759.
413
Suppose -2*l + 4*w + 1236 = -296, 0 = w + 3. Suppose 2*a + 4*i = l - 148, -615 = -2*a - i. Calculate the greatest common divisor of a and 14.
14
Let t(g) = -35*g - 16. Let y be t(-2). Let n be 28/(-7) + 2/(4/y). Calculate the greatest common divisor of 253 and n.
23
Suppose 2*r + 1258 = 3*v, 1253 = 3*v - 6878*r + 6877*r. Calculate the greatest common divisor of 923 and v.
13
Let z be (-6)/(-12)*(15 - 1). Let a = -813 + 827. Calculate the greatest common factor of a and z.
7
Let j = 3479 - 3444. What is the greatest common divisor of j and 49?
7
Let p be (-64 + 52)*(-4)/(-6). Let k be 6/p*8/16*-16. What is the greatest common factor of 38 and k?
2
Let r be (0 + 10)/((-28)/(-14)). Suppose -i = r*x - 270, 2*i + i - 2*x - 878 = 0. What is the greatest common factor of i and 116?
58
Let d(g) = 4*g**2 + 4*g. Let o be d(-3). Suppose 615*t + 162*t - 121*t - 47232 = 0. Calculate the highest common divisor of t and o.
24
Let m be (-8)/(-52) - (-28)/(-13). Let o be (m - -3)*((-4 - -7) + -4). Let c be -2 + -9 + 7 + o + 453. What is the highest common factor of 56 and c?
56
Let g be 436 + (22 - 358)/21. What is the highest common divisor of g and 1060?
20
Let z = 3057 + -2564. Calculate the greatest common factor of 51 and z.
17
Suppose 139*h - 79655 = -4*h - 36*h. Calculate the highest common factor of h and 8188.
89
Let u = -393 - -408. Suppose 5*n + u = 0, -2*c - n + 7 + 38 = 0. What is the highest common divisor of c and 12?
12
Suppose h - 24 = -4*z, 5*z + 3*h + 0*h = 30. Let w = -980 - -1046. What is the highest common divisor of w and z?
6
Let f(n) = -n**3 + 21*n**2 - 39*n + 20. Let m be f(19). Let p be (-123)/(-82)*(m + 53/(-3)). Let b = p + 83. Calculate the highest common divisor of b and 406.
58
Let v = -192 + 197. Suppose -56 = -v*y - 1. What is the greatest common divisor of 44 and y?
11
Let d be ((-88)/12 - (-44)/33)*188/(-6). Calculate the greatest common divisor of 1551 and d.
47
Suppose 0*o - 3*o + 2*x + 513 = 0, 0 = 5*o + 5*x - 855. Suppose -3*r - 9 = -o. What is the greatest common factor of r and 90?
18
Suppose -6*g - g = -2177. Let f = -182 + g. Suppose 0 = 4*t + 5*t - 387. What is the highest common factor of f and t?
43
Suppose -64*z + 1601 = -2111. Let t = -50 - -7. Let l = t + z. Calculate the greatest common factor of l and 10.
5
Let n(r) = 14*r**3 - 1. Suppose -5*x - 2*u = -15, 2*x - 4*u + 4 = -14. Let b be n(x). What is the greatest common divisor of b and 416?
13
Let o(m) = -2*m + 4. Let d be o(-9). Suppose -303*f + 300*f - 16 = x, 0 = -2*x + 3*f + 40. What is the highest common divisor of x and d?
2
Let m(j) = j**2 - 10*j - 3. Let g be m(13). Suppose 0 = -2*o - 6 + g. Let w = o - -2. Calculate the greatest common factor of w and 187.
17
Let k be (512/(-10))/((30/25)/6). Let o be 4/(k/52 + 5). Calculate the highest common factor of o and 39.
13
Suppose -272 = -5*y + z, -9*y + 5*y - z = -223. Calculate the highest common divisor of 121 and y.
11
Let q(t) be the second derivative of -t**5/20 - 17*t**4/12 - 11*t**3/6 - 35*t**2/2 - 2*t - 11. Let s be q(-17). What is the greatest common divisor of s and 24?
8
Let p be -35 + 36 - (1 - 180). Let n = -58 + 62. Suppose 0 = -n*q - q + 360. What is the greatest common factor of q and p?
36
Let q be 3 - -1 - 62/(-31). What is the highest common divisor of q and 2298?
6
Let y be -4*(-1527)/84 - 4/(-14). What is the greatest common divisor of 13 and y?
1
Let s be (84/(-10))/(3 - 96/30). Let v = -62 + 132. What is the highest common divisor of v and s?
14
Let l = -485 - -685. Suppose -28*d - l = -872. Calculate the greatest common divisor of 9 and d.
3
Let o = -4556 + 5403. What is the greatest common factor of 77 and o?
77
Let d = 1756 + -1198. Calculate the greatest common factor of d and 27.
9
Suppose 579*c = 523*c + 147896. What is the highest common factor of c and 19?
19
Let w = 124 - 84. Let z be (w/50)/(4/130). Calculate the highest common divisor of 598 and z.
26
Let b(y) = 6*y - 6. Let j be b(4). Let l = -378 + 360. Let h be (l/(-7))/((-36)/(-504)). What is the highest common divisor of j and h?
18
Let d be 0 + 0 + 55/1. Let z(p) = 130*p - 3800. Let n be z(36). What is the highest common factor of n and d?
55
Let t = 169 - 78. Let m be (-8)/(-6)*(36/(-8))/3. Let d be 30 + -19 - (m - 0). Calculate the greatest common factor of d and t.
13
Let c be 710*(-7 + (-559)/(-65)). What is the highest common divisor of 56 and c?
8
Let j = 65 + -109. Suppose 120 = 2*d + 3*v, -5*d + 4*v = -7*d + 124. Let t = d - j. Calculate the greatest common factor of 14 and t.
14
Suppose 5*r + 0*m = -2*m + 6, -3*r - 2*m + 2 = 0. Suppose -3*t = 3*x + 85 - 115, -2*x + 11 = -t. Calculate the highest common divisor of x and r.
1
Let b(a) be the third derivative of a**5/30 + 31*a**4/12 + 15*a**3 - 112*a**2. Let f be b(-30). Calculate the greatest common divisor of f and 18.
6
Let d = 156 + -66. Suppose 0 = -4*p + 1249 - 1033. Calculate the greatest common divisor of d and p.
18
Suppose 178*p = 486*p - 552244. Calculate the highest common factor of 11 and p.
11
Let s(j) = 2*j**2 + 58*j + 82. Let r be s(-28). Suppose 6*o + 6*o = 1404. Calculate the greatest common factor of r and o.
13
Let q(b) = -b**2 - 8*b - 2. Let j be q(-8). Let k be 1/j + ((-2490)/4)/(-5). Suppose 0 = 4*w + 64 - k. Calculate the highest common divisor of w and 135.
15
Let y be ((-17640)/2100)/((-14)/20). Suppose 21 = 2*u - 3. What is the greatest common divisor of y and u?
12
Let f(m) = m**2 + 12*m + 18. Let h be f(-10). Let a be h/(-3) + (-2892)/(-36). Suppose -11 - 7 = -2*r. What is the greatest common divisor of a and r?
9
Let x be 240*(11 + 153/(-27)). What is the greatest common divisor of x and 10?
10
Suppose 5*h + h + 6 = 0. Suppose 4*p + 0*p - 36 = 0. Let u be 1 + (p/6 - h/2). Calculate the highest common factor of u and 2.
1
Let a = -75 - 678. Let v = a + 832. What is the highest common divisor of 395 and v?
79
Let v = -202 - -207. Suppose -88 = -2*a - o + v*o, -5*o = -3*a + 128. Calculate the greatest common factor of a and 4.
4
Let g = 17631 + 9162. What is the highest common factor of g and 117?
117
Let u be (3 - 7)*(-38)/1. Let q be 3 + 8 - (17 - 10 - 15). Calculate the greatest common factor of q and u.
19
Let i be 336*(36/70)/(138/920). Calculate the greatest common factor of i and 896.
128
Let r be 9 - ((3 - 8) + 4)*22441. Calculate the greatest common factor of r and 20.
10
Let u be (17/(-2))/(7/28). Let f = 167 - u. What is the highest common divisor of 67 and f?
67
Let m(h) = -2*h**3 + 59*h**2 - 133*h + 54. Let a be m(27). Calculate the greatest common divisor of a an